{"id":324,"date":"2020-01-16T13:50:38","date_gmt":"2020-01-16T12:50:38","guid":{"rendered":"http:\/\/hairbestparis.com\/?page_id=324"},"modified":"2020-01-16T15:05:41","modified_gmt":"2020-01-16T14:05:41","slug":"mentions-legales","status":"publish","type":"page","link":"https:\/\/hairbestparis.com\/%20\/index.php\/mentions-legales\/","title":{"rendered":"Mentions l\u00e9gales"},"content":{"rendered":"\n<p>Ce site est \u00e9dit\u00e9 par : Ngo Nolla EIRL<br>\n\u00e9tablie au 151 ter boulevard Voltaire 92600 Asnieres  Sur SEINE <br>\nImmatricul\u00e9e au Registre des soci\u00e9t\u00e9s et du commerce de Nanterre sous le num\u00e9ro [Votre num\u00e9ro de 840079917RCS<br>\nT\u00e9l : +33 0621335803<br>\nE-mail : ngomika@gmail.com<br>\nDirecteur de la publication : HBP<br>\nH\u00e9bergeur: SAS OVH<br>\n2 rue Kellermann &#8211; 59100 Roubaix &#8211; France.<br>\nCr\u00e9dits <br>\nMSV<br>\n15 rue Maurice Ravel ,78990 Elancourt<\/p>\n","protected":false},"excerpt":{"rendered":"<p>Ce site est \u00e9dit\u00e9 par : Ngo Nolla EIRL \u00e9tablie au 151 ter boulevard Voltaire 92600 Asnieres Sur SEINE Immatricul\u00e9e au Registre des soci\u00e9t\u00e9s et du commerce de Nanterre sous le num\u00e9ro [Votre num\u00e9ro de 840079917RCS T\u00e9l : +33 0621335803 E-mail : ngomika@gmail.com Directeur de la publication : HBP H\u00e9bergeur: SAS OVH 2 rue Kellermann [&hellip;]<\/p>\n","protected":false},"author":1,"featured_media":0,"parent":0,"menu_order":0,"comment_status":"closed","ping_status":"closed","template":"compte.php","meta":[],"yoast_head":"<!-- This site is optimized with the Yoast SEO Premium plugin v15.6.2 - https:\/\/yoast.com\/wordpress\/plugins\/seo\/ -->\n<title>Hairbestparis<\/title>\n<meta name=\"robots\" content=\"index, follow, max-snippet:-1, max-image-preview:large, max-video-preview:-1\" \/>\n<link rel=\"canonical\" href=\"https:\/\/hairbestparis.com\/%20\/index.php\/mentions-legales\/\" \/>\n<meta property=\"og:locale\" content=\"fr_FR\" \/>\n<meta property=\"og:type\" content=\"article\" \/>\n<meta property=\"og:title\" content=\"Mentions l\u00e9gales - Hairbestparis\" \/>\n<meta property=\"og:description\" content=\"Ce site est \u00e9dit\u00e9 par : Ngo Nolla EIRL \u00e9tablie au 151 ter boulevard Voltaire 92600 Asnieres Sur SEINE Immatricul\u00e9e au Registre des soci\u00e9t\u00e9s et du commerce de Nanterre sous le num\u00e9ro [Votre num\u00e9ro de 840079917RCS T\u00e9l : +33 0621335803 E-mail : ngomika@gmail.com Directeur de la publication : HBP H\u00e9bergeur: SAS OVH 2 rue Kellermann [&hellip;]\" \/>\n<meta property=\"og:url\" content=\"https:\/\/hairbestparis.com\/ \/index.php\/mentions-legales\/\" \/>\n<meta property=\"og:site_name\" content=\"Hairbestparis\" \/>\n<meta property=\"article:publisher\" content=\"https:\/\/www.facebook.com\/hairbestparis1\" \/>\n<meta property=\"article:modified_time\" content=\"2020-01-16T14:05:41+00:00\" \/>\n<meta property=\"og:image\" content=\"https:\/\/hairbestparis.com\/wp-content\/uploads\/2018\/01\/Image-PNG-13-1024x1024.png\" \/>\n\t<meta property=\"og:image:width\" content=\"1024\" \/>\n\t<meta property=\"og:image:height\" content=\"1024\" \/>\n<meta name=\"twitter:card\" content=\"summary_large_image\" \/>\n<meta name=\"twitter:site\" content=\"@hairbestparis\" \/>\n<script type=\"application\/ld+json\" class=\"yoast-schema-graph\">{\"@context\":\"https:\/\/schema.org\",\"@graph\":[{\"@type\":\"Organization\",\"@id\":\"https:\/\/hairbestparis.com\/%20\/#organization\",\"name\":\"HairbestParis\",\"url\":\"https:\/\/hairbestparis.com\/%20\/\",\"sameAs\":[\"https:\/\/www.facebook.com\/hairbestparis1\",\"https:\/\/www.instagram.com\/hairbestparis\/\",\"https:\/\/twitter.com\/hairbestparis\"],\"logo\":{\"@type\":\"ImageObject\",\"@id\":\"https:\/\/hairbestparis.com\/%20\/#logo\",\"inLanguage\":\"fr-FR\",\"url\":\"https:\/\/hairbestparis.com\/wp-content\/uploads\/2020\/01\/hairbestparis-logo.png\",\"width\":186,\"height\":112,\"caption\":\"HairbestParis\"},\"image\":{\"@id\":\"https:\/\/hairbestparis.com\/%20\/#logo\"}},{\"@type\":\"WebSite\",\"@id\":\"https:\/\/hairbestparis.com\/%20\/#website\",\"url\":\"https:\/\/hairbestparis.com\/%20\/\",\"name\":\"Hairbestparis\",\"description\":\"Hair Best Paris\",\"publisher\":{\"@id\":\"https:\/\/hairbestparis.com\/%20\/#organization\"},\"potentialAction\":[{\"@type\":\"SearchAction\",\"target\":\"https:\/\/hairbestparis.com\/%20\/?s={search_term_string}\",\"query-input\":\"required name=search_term_string\"}],\"inLanguage\":\"fr-FR\"},{\"@type\":\"WebPage\",\"@id\":\"https:\/\/hairbestparis.com\/%20\/index.php\/mentions-legales\/#webpage\",\"url\":\"https:\/\/hairbestparis.com\/%20\/index.php\/mentions-legales\/\",\"name\":\"Mentions l\\u00e9gales - Hairbestparis\",\"isPartOf\":{\"@id\":\"https:\/\/hairbestparis.com\/%20\/#website\"},\"datePublished\":\"2020-01-16T12:50:38+00:00\",\"dateModified\":\"2020-01-16T14:05:41+00:00\",\"breadcrumb\":{\"@id\":\"https:\/\/hairbestparis.com\/%20\/index.php\/mentions-legales\/#breadcrumb\"},\"inLanguage\":\"fr-FR\",\"potentialAction\":[{\"@type\":\"ReadAction\",\"target\":[\"https:\/\/hairbestparis.com\/%20\/index.php\/mentions-legales\/\"]}]},{\"@type\":\"BreadcrumbList\",\"@id\":\"https:\/\/hairbestparis.com\/%20\/index.php\/mentions-legales\/#breadcrumb\",\"itemListElement\":[{\"@type\":\"ListItem\",\"position\":1,\"item\":{\"@type\":\"WebPage\",\"@id\":\"https:\/\/hairbestparis.com\/%20\/\",\"url\":\"https:\/\/hairbestparis.com\/%20\/\",\"name\":\"Accueil\"}},{\"@type\":\"ListItem\",\"position\":2,\"item\":{\"@type\":\"WebPage\",\"@id\":\"https:\/\/hairbestparis.com\/%20\/index.php\/mentions-legales\/\",\"url\":\"https:\/\/hairbestparis.com\/%20\/index.php\/mentions-legales\/\",\"name\":\"Mentions l\\u00e9gales\"}}]}]}<\/script>\n<!-- \/ Yoast SEO Premium plugin. -->","_links":{"self":[{"href":"https:\/\/hairbestparis.com\/%20\/index.php\/wp-json\/wp\/v2\/pages\/324"}],"collection":[{"href":"https:\/\/hairbestparis.com\/%20\/index.php\/wp-json\/wp\/v2\/pages"}],"about":[{"href":"https:\/\/hairbestparis.com\/%20\/index.php\/wp-json\/wp\/v2\/types\/page"}],"author":[{"embeddable":true,"href":"https:\/\/hairbestparis.com\/%20\/index.php\/wp-json\/wp\/v2\/users\/1"}],"replies":[{"embeddable":true,"href":"https:\/\/hairbestparis.com\/%20\/index.php\/wp-json\/wp\/v2\/comments?post=324"}],"version-history":[{"count":0,"href":"https:\/\/hairbestparis.com\/%20\/index.php\/wp-json\/wp\/v2\/pages\/324\/revisions"}],"wp:attachment":[{"href":"https:\/\/hairbestparis.com\/%20\/index.php\/wp-json\/wp\/v2\/media?parent=324"}],"curies":[{"name":"wp","href":"https:\/\/api.w.org\/{rel}","templated":true}]}}